[INFO] cloning repository https://github.com/noahbkim/typical
[INFO] running `Command { std: "git" "-c" "credential.helper=" "-c" "credential.helper=/workspace/cargo-home/bin/git-credential-null" "clone" "--bare" "https://github.com/noahbkim/typical" "/workspace/cache/git-repos/https%3A%2F%2Fgithub.com%2Fnoahbkim%2Ftypical", kill_on_drop: false }`
[INFO] [stderr] Cloning into bare repository '/workspace/cache/git-repos/https%3A%2F%2Fgithub.com%2Fnoahbkim%2Ftypical'...
[INFO] running `Command { std: "git" "rev-parse" "HEAD", kill_on_drop: false }`
[INFO] [stdout] de7bfb0c912e91b405840c881576c6d8083fad73
[INFO] checking noahbkim/typical against master#cfbc6d4cf1acbac5c025acf8ed68929caa551df3 for pr-75494-beta
[INFO] running `Command { std: "git" "clone" "/workspace/cache/git-repos/https%3A%2F%2Fgithub.com%2Fnoahbkim%2Ftypical" "/workspace/builds/worker-2/source", kill_on_drop: false }`
[INFO] [stderr] Cloning into '/workspace/builds/worker-2/source'...
[INFO] [stderr] done.
[INFO] validating manifest of git repo https://github.com/noahbkim/typical on toolchain cfbc6d4cf1acbac5c025acf8ed68929caa551df3
[INFO] running `Command { std: "/workspace/cargo-home/bin/cargo" "+cfbc6d4cf1acbac5c025acf8ed68929caa551df3" "read-manifest" "--manifest-path" "Cargo.toml", kill_on_drop: false }`
[INFO] started tweaking git repo https://github.com/noahbkim/typical
[INFO] finished tweaking git repo https://github.com/noahbkim/typical
[INFO] tweaked toml for git repo https://github.com/noahbkim/typical written to /workspace/builds/worker-2/source/Cargo.toml
[INFO] crate git repo https://github.com/noahbkim/typical already has a lockfile, it will not be regenerated
[INFO] running `Command { std: "/workspace/cargo-home/bin/cargo" "+cfbc6d4cf1acbac5c025acf8ed68929caa551df3" "fetch" "--locked" "--manifest-path" "Cargo.toml", kill_on_drop: false }`
[INFO] [stderr]     Blocking waiting for file lock on package cache
[INFO] [stderr]     Blocking waiting for file lock on package cache
[INFO] [stderr]  Downloading crates ...
[INFO] [stderr]   Downloaded pistoncore-event_loop v0.42.0
[INFO] [stderr]   Downloaded pistoncore-input v0.24.0
[INFO] [stderr]   Downloaded piston-gfx_texture v0.35.0
[INFO] [stderr]   Downloaded pistoncore-window v0.37.0
[INFO] [stderr]   Downloaded piston2d-graphics v0.30.0
[INFO] [stderr]   Downloaded piston v0.42.0
[INFO] [stderr]   Downloaded piston2d-gfx_graphics v0.56.0
[INFO] [stderr]   Downloaded pistoncore-glutin_window v0.54.0
[INFO] [stderr]   Downloaded piston_window v0.89.0
[INFO] [stderr]   Downloaded piston-viewport v0.5.0
[INFO] running `Command { std: "docker" "create" "-v" "/var/lib/crater-agent-workspace/builds/worker-2/target:/opt/rustwide/target:rw,Z" "-v" "/var/lib/crater-agent-workspace/builds/worker-2/source:/opt/rustwide/workdir:ro,Z" "-v" "/var/lib/crater-agent-workspace/cargo-home:/opt/rustwide/cargo-home:ro,Z" "-v" "/var/lib/crater-agent-workspace/rustup-home:/opt/rustwide/rustup-home:ro,Z" "-e" "SOURCE_DIR=/opt/rustwide/workdir" "-e" "CARGO_TARGET_DIR=/opt/rustwide/target" "-e" "CARGO_HOME=/opt/rustwide/cargo-home" "-e" "RUSTUP_HOME=/opt/rustwide/rustup-home" "-w" "/opt/rustwide/workdir" "-m" "1610612736" "--user" "0:0" "--network" "none" "rustops/crates-build-env@sha256:a636fd89d022f18117e1dc8fb37a0a009933cdbbe082814857f0e2024962d47c" "/opt/rustwide/cargo-home/bin/cargo" "+cfbc6d4cf1acbac5c025acf8ed68929caa551df3" "metadata" "--no-deps" "--format-version=1", kill_on_drop: false }`
[INFO] [stdout] ce3e33ed82e75f2aa03bc4f63a836079720d038f22447748fff432b9c976431b
[INFO] [stderr] WARNING: Your kernel does not support swap limit capabilities or the cgroup is not mounted. Memory limited without swap.
[INFO] running `Command { std: "docker" "start" "-a" "ce3e33ed82e75f2aa03bc4f63a836079720d038f22447748fff432b9c976431b", kill_on_drop: false }`
[INFO] running `Command { std: "docker" "inspect" "ce3e33ed82e75f2aa03bc4f63a836079720d038f22447748fff432b9c976431b", kill_on_drop: false }`
[INFO] running `Command { std: "docker" "rm" "-f" "ce3e33ed82e75f2aa03bc4f63a836079720d038f22447748fff432b9c976431b", kill_on_drop: false }`
[INFO] [stdout] ce3e33ed82e75f2aa03bc4f63a836079720d038f22447748fff432b9c976431b
[INFO] running `Command { std: "docker" "create" "-v" "/var/lib/crater-agent-workspace/builds/worker-2/target:/opt/rustwide/target:rw,Z" "-v" "/var/lib/crater-agent-workspace/builds/worker-2/source:/opt/rustwide/workdir:ro,Z" "-v" "/var/lib/crater-agent-workspace/cargo-home:/opt/rustwide/cargo-home:ro,Z" "-v" "/var/lib/crater-agent-workspace/rustup-home:/opt/rustwide/rustup-home:ro,Z" "-e" "SOURCE_DIR=/opt/rustwide/workdir" "-e" "CARGO_TARGET_DIR=/opt/rustwide/target" "-e" "CARGO_INCREMENTAL=0" "-e" "RUST_BACKTRACE=full" "-e" "RUSTFLAGS=--cap-lints=forbid" "-e" "CARGO_HOME=/opt/rustwide/cargo-home" "-e" "RUSTUP_HOME=/opt/rustwide/rustup-home" "-w" "/opt/rustwide/workdir" "-m" "1610612736" "--user" "0:0" "--network" "none" "rustops/crates-build-env@sha256:a636fd89d022f18117e1dc8fb37a0a009933cdbbe082814857f0e2024962d47c" "/opt/rustwide/cargo-home/bin/cargo" "+cfbc6d4cf1acbac5c025acf8ed68929caa551df3" "check" "--frozen" "--all" "--all-targets" "--message-format=json", kill_on_drop: false }`
[INFO] [stdout] c6f08b26886b4889541e76972d5783fa8179ae2d9e71f1b661e04a2f2b12972c
[INFO] [stderr] WARNING: Your kernel does not support swap limit capabilities or the cgroup is not mounted. Memory limited without swap.
[INFO] running `Command { std: "docker" "start" "-a" "c6f08b26886b4889541e76972d5783fa8179ae2d9e71f1b661e04a2f2b12972c", kill_on_drop: false }`
[INFO] [stderr]    Compiling proc-macro2 v0.4.27
[INFO] [stderr]    Compiling unicode-xid v0.1.0
[INFO] [stderr]    Compiling libc v0.2.49
[INFO] [stderr]     Checking bitflags v1.0.4
[INFO] [stderr]    Compiling num-traits v0.2.6
[INFO] [stderr]     Checking lazy_static v1.3.0
[INFO] [stderr]    Compiling xml-rs v0.8.0
[INFO] [stderr]    Compiling byteorder v1.3.1
[INFO] [stderr]    Compiling arrayvec v0.4.10
[INFO] [stderr]    Compiling autocfg v0.1.2
[INFO] [stderr]     Checking rand_core v0.4.0
[INFO] [stderr]    Compiling cfg-if v0.1.6
[INFO] [stderr]     Checking scopeguard v0.3.3
[INFO] [stderr]    Compiling cc v1.0.30
[INFO] [stderr]    Compiling khronos_api v3.0.0
[INFO] [stderr]     Checking piston-float v0.3.0
[INFO] [stderr]    Compiling nix v0.12.0
[INFO] [stderr]    Compiling semver-parser v0.7.0
[INFO] [stderr]    Compiling rayon-core v1.4.1
[INFO] [stderr]     Checking memoffset v0.2.1
[INFO] [stderr]    Compiling num-integer v0.1.39
[INFO] [stderr]    Compiling serde v1.0.89
[INFO] [stderr]     Checking same-file v1.0.4
[INFO] [stderr]     Checking stable_deref_trait v1.1.1
[INFO] [stderr]     Checking downcast-rs v1.0.3
[INFO] [stderr]    Compiling num-iter v0.1.37
[INFO] [stderr]    Compiling num-derive v0.2.4
[INFO] [stderr]    Compiling num-rational v0.2.1
[INFO] [stderr]     Checking either v1.5.1
[INFO] [stderr]     Checking shader_version v0.3.0
[INFO] [stderr]     Checking xdg v2.2.0
[INFO] [stderr]     Checking piston-texture v0.6.0
[INFO] [stderr]     Checking safe-transmute v0.10.1
[INFO] [stderr]     Checking percent-encoding v1.0.1
[INFO] [stderr]     Checking fnv v1.0.6
[INFO] [stderr]     Checking interpolation v0.2.0
[INFO] [stderr]     Checking read_color v1.0.0
[INFO] [stderr]     Checking piston-shaders_graphics2d v0.3.1
[INFO] [stderr]     Checking log v0.4.6
[INFO] [stderr]     Checking crossbeam-utils v0.2.2
[INFO] [stderr]     Checking draw_state v0.8.0
[INFO] [stderr]     Checking piston-viewport v0.5.0
[INFO] [stderr]     Checking vecmath v0.3.1
[INFO] [stderr]    Compiling semver v0.9.0
[INFO] [stderr]     Checking rand_core v0.3.1
[INFO] [stderr]     Checking rand_jitter v0.1.3
[INFO] [stderr]    Compiling x11-dl v2.18.3
[INFO] [stderr]    Compiling xml-rs v0.7.0
[INFO] [stderr]     Checking owning_ref v0.4.0
[INFO] [stderr]     Checking walkdir v2.2.7
[INFO] [stderr]     Checking inflate v0.4.5
[INFO] [stderr]     Checking gif v0.10.1
[INFO] [stderr]    Compiling rand_chacha v0.1.1
[INFO] [stderr]    Compiling rand_pcg v0.1.2
[INFO] [stderr]    Compiling rand v0.6.5
[INFO] [stderr]     Checking rand_hc v0.1.0
[INFO] [stderr]     Checking rand_isaac v0.1.1
[INFO] [stderr]     Checking rand_xorshift v0.1.1
[INFO] [stderr]    Compiling rayon v1.0.3
[INFO] [stderr]     Checking lock_api v0.1.5
[INFO] [stderr]    Compiling rustc_version v0.2.3
[INFO] [stderr]    Compiling gl_generator v0.10.0
[INFO] [stderr]     Checking stb_truetype v0.2.6
[INFO] [stderr]     Checking deflate v0.7.19
[INFO] [stderr]     Checking crossbeam-epoch v0.3.1
[INFO] [stderr]    Compiling gl_generator v0.9.0
[INFO] [stderr]     Checking rand_os v0.1.2
[INFO] [stderr]     Checking num_cpus v1.10.0
[INFO] [stderr]     Checking memmap v0.7.0
[INFO] [stderr]     Checking shared_library v0.1.9
[INFO] [stderr]    Compiling parking_lot_core v0.4.0
[INFO] [stderr]    Compiling quote v0.6.11
[INFO] [stderr]    Compiling libloading v0.5.0
[INFO] [stderr]     Checking crossbeam-deque v0.2.0
[INFO] [stderr]     Checking osmesa-sys v0.1.2
[INFO] [stderr]     Checking ordered-float v1.0.1
[INFO] [stderr]     Checking approx v0.3.1
[INFO] [stderr]     Checking line_drawing v0.7.0
[INFO] [stderr]    Compiling syn v0.15.27
[INFO] [stderr]    Compiling wayland-scanner v0.21.11
[INFO] [stderr]     Checking rusttype v0.7.5
[INFO] [stderr]     Checking png v0.14.0
[INFO] [stderr]    Compiling glutin v0.19.0
[INFO] [stderr]    Compiling gl v0.11.0
[INFO] [stderr]     Checking dlib v0.4.1
[INFO] [stderr]     Checking wayland-sys v0.21.11
[INFO] [stderr]     Checking andrew v0.1.6
[INFO] [stderr]     Checking piston2d-graphics v0.30.0
[INFO] [stderr]    Compiling gfx_gl v0.5.0
[INFO] [stderr]     Checking parking_lot v0.7.1
[INFO] [stderr]    Compiling wayland-client v0.21.11
[INFO] [stderr]    Compiling wayland-protocols v0.21.11
[INFO] [stderr]     Checking jpeg-decoder v0.1.15
[INFO] [stderr]     Checking wayland-commons v0.21.11
[INFO] [stderr]    Compiling serde_derive v1.0.89
[INFO] [stderr]    Compiling derivative v1.0.2
[INFO] [stderr]     Checking smithay-client-toolkit v0.4.4
[INFO] [stderr]     Checking winit v0.18.1
[INFO] [stderr]     Checking tiff v0.2.2
[INFO] [stderr]     Checking image v0.21.0
[INFO] [stderr]     Checking gfx_core v0.8.3
[INFO] [stderr]     Checking gfx v0.17.1
[INFO] [stderr]     Checking gfx_device_gl v0.15.5
[INFO] [stderr]     Checking pistoncore-input v0.24.0
[INFO] [stderr]     Checking piston-gfx_texture v0.35.0
[INFO] [stderr]     Checking piston2d-gfx_graphics v0.56.0
[INFO] [stderr]     Checking pistoncore-window v0.37.0
[INFO] [stderr]     Checking pistoncore-event_loop v0.42.0
[INFO] [stderr]     Checking pistoncore-glutin_window v0.54.0
[INFO] [stderr]     Checking piston v0.42.0
[INFO] [stderr]     Checking piston_window v0.89.0
[INFO] [stderr]     Checking typical v0.1.0 (/opt/rustwide/workdir)
[INFO] [stdout] warning: unused import: `crate::dictionary::DictionaryError::TypeError`
[INFO] [stdout]  --> src/dictionary.rs:3:5
[INFO] [stdout]   |
[INFO] [stdout] 3 | use crate::dictionary::DictionaryError::TypeError;
[INFO] [stdout]   |     ^^^^^^^^^^^^^^^^^^^^^^^^^^^^^^^^^^^^^^^^^^^^^
[INFO] [stdout]   |
[INFO] [stdout]   = note: `#[warn(unused_imports)]` on by default
[INFO] [stdout] 
[INFO] [stdout] 
[INFO] [stdout] warning: trait objects without an explicit `dyn` are deprecated
[INFO] [stdout]   --> src/app.rs:16:28
[INFO] [stdout]    |
[INFO] [stdout] 16 |     dictionary: Option<Box<Dictionary>>,
[INFO] [stdout]    |                            ^^^^^^^^^^ help: use `dyn`: `dyn Dictionary`
[INFO] [stdout]    |
[INFO] [stdout]    = note: `#[warn(bare_trait_objects)]` on by default
[INFO] [stdout] 
[INFO] [stdout] 
[INFO] [stdout] warning: unused import: `crate::dictionary::DictionaryError::TypeError`
[INFO] [stdout]  --> src/dictionary.rs:3:5
[INFO] [stdout]   |
[INFO] [stdout] 3 | use crate::dictionary::DictionaryError::TypeError;
[INFO] [stdout]   |     ^^^^^^^^^^^^^^^^^^^^^^^^^^^^^^^^^^^^^^^^^^^^^
[INFO] [stdout]   |
[INFO] [stdout]   = note: `#[warn(unused_imports)]` on by default
[INFO] [stdout] 
[INFO] [stdout] 
[INFO] [stdout] warning: trait objects without an explicit `dyn` are deprecated
[INFO] [stdout]   --> src/app.rs:16:28
[INFO] [stdout]    |
[INFO] [stdout] 16 |     dictionary: Option<Box<Dictionary>>,
[INFO] [stdout]    |                            ^^^^^^^^^^ help: use `dyn`: `dyn Dictionary`
[INFO] [stdout]    |
[INFO] [stdout]    = note: `#[warn(bare_trait_objects)]` on by default
[INFO] [stdout] 
[INFO] [stdout] 
[INFO] [stdout] error[E0614]: type `usize` cannot be dereferenced
[INFO] [stdout]   --> src/app.rs:77:25
[INFO] [stdout]    |
[INFO] [stdout] 77 |                 if i == *cursor {
[INFO] [stdout]    |                         ^^^^^^^
[INFO] [stdout] 
[INFO] [stdout] 
[INFO] [stdout] error[E0614]: type `bool` cannot be dereferenced
[INFO] [stdout]   --> src/app.rs:78:36
[INFO] [stdout]    |
[INFO] [stdout] 78 |                     let color = if *wrong { settings.wrong } else { settings.active };
[INFO] [stdout]    |                                    ^^^^^^
[INFO] [stdout] 
[INFO] [stdout] 
[INFO] [stdout] error[E0614]: type `usize` cannot be dereferenced
[INFO] [stdout]   --> src/app.rs:86:25
[INFO] [stdout]    |
[INFO] [stdout] 86 |                 if i == *cursor {
[INFO] [stdout]    |                         ^^^^^^^
[INFO] [stdout] 
[INFO] [stdout] 
[INFO] [stdout] error: aborting due to 3 previous errors; 2 warnings emitted
[INFO] [stdout] 
[INFO] [stdout] 
[INFO] [stdout] For more information about this error, try `rustc --explain E0614`.
[INFO] [stdout] 
[INFO] [stderr] error: could not compile `typical`.
[INFO] [stderr] 
[INFO] [stderr] To learn more, run the command again with --verbose.
[INFO] [stderr] warning: build failed, waiting for other jobs to finish...
[INFO] [stdout] error[E0614]: type `usize` cannot be dereferenced
[INFO] [stdout]   --> src/app.rs:77:25
[INFO] [stdout]    |
[INFO] [stdout] 77 |                 if i == *cursor {
[INFO] [stdout]    |                         ^^^^^^^
[INFO] [stdout] 
[INFO] [stdout] 
[INFO] [stdout] error[E0614]: type `bool` cannot be dereferenced
[INFO] [stdout]   --> src/app.rs:78:36
[INFO] [stdout]    |
[INFO] [stdout] 78 |                     let color = if *wrong { settings.wrong } else { settings.active };
[INFO] [stdout]    |                                    ^^^^^^
[INFO] [stdout] 
[INFO] [stdout] 
[INFO] [stdout] error[E0614]: type `usize` cannot be dereferenced
[INFO] [stdout]   --> src/app.rs:86:25
[INFO] [stdout]    |
[INFO] [stdout] 86 |                 if i == *cursor {
[INFO] [stdout]    |                         ^^^^^^^
[INFO] [stdout] 
[INFO] [stdout] 
[INFO] [stdout] error: aborting due to 3 previous errors; 2 warnings emitted
[INFO] [stdout] 
[INFO] [stdout] 
[INFO] [stdout] For more information about this error, try `rustc --explain E0614`.
[INFO] [stdout] 
[INFO] [stderr] error: build failed
[INFO] running `Command { std: "docker" "inspect" "c6f08b26886b4889541e76972d5783fa8179ae2d9e71f1b661e04a2f2b12972c", kill_on_drop: false }`
[INFO] running `Command { std: "docker" "rm" "-f" "c6f08b26886b4889541e76972d5783fa8179ae2d9e71f1b661e04a2f2b12972c", kill_on_drop: false }`
[INFO] [stdout] c6f08b26886b4889541e76972d5783fa8179ae2d9e71f1b661e04a2f2b12972c
